 3)/x. Calculate the greatest common divisor of 29 and o.
29
Suppose -14*m - 756 = -11*m. Let q be m/30*(-10)/4. Let o(p) = -p**3 + 5*p**2 - 2*p - 5. Let z be o(3). What is the highest common factor of z and q?
7
Suppose -2*m + 5*m = 12. Suppose 0*t + 3*t + 351 = 4*n, -20 = m*t. Calculate the highest common divisor of 36 and n.
12
Let q = 874 + -1429. Let v = q + 573. Calculate the greatest common divisor of 558 and v.
18
Let u = 498 - 496. Suppose -10*a + 12 - u = 0. What is the highest common factor of a and 4?
1
Let z(j) = -j**3 - 8*j**2 + 16*j + 41. Let g(k) = -k**3 + 10*k**2 - 21*k + 98. Let i be g(9). Let d be z(i). What is the highest common divisor of 108 and d?
27
Let f = -55 - -167. Let x be 5/(-35) - 43/(-7). Let v = x - -10. What is the highest common divisor of f and v?
16
Suppose -23*m - 1944 = -41*m. Let i = m + -64. Calculate the highest common factor of i and 4.
4
Let b(a) = -a**3 - 24*a**2 - 47*a - 42. Let x be b(-22). Suppose 2*t = 5*h + 94, -5*t - 4*h + 178 = -x. What is the greatest common divisor of 182 and t?
14
Let n(v) = v**3 + 81*v**2 + 145*v - 715. Let f be n(-79). Calculate the greatest common factor of 25428 and f.
156
Suppose -4*i + 96 = 24. Suppose -d + s + 2*s = -8, -4*s - 4 = 0. Let h be (13/1 + d)*(-7 - -9). What is the highest common factor of i and h?
18
Let g be 1 + -6 + 44 - (-1 + -4). Let v(r) = r**3 - 46*r**2 + 87*r + 90. Let d be v(g). Calculate the greatest common divisor of d and 414.
46
Let h(l) = 416*l**2 + 15*l + 15. Let s(i) = i**3 + 9*i**2 - 10*i - 1. Let u be s(-10). Let m be h(u). Calculate the greatest common factor of m and 64.
32
Let a(g) = 2*g**3 + 58*g**2 - 14*g + 280. Let o be a(-29). What is the greatest common factor of 42 and o?
14
Suppose -22 = -3*h - u, 4*h - 24 = 4*u - 0*u. Let g be 868/(-3)*(1295/140 + -10). What is the greatest common divisor of g and h?
7
Let m = -2980 - -5957. Let c(z) = -27 - 13 - 2993*z + m*z. Let v be c(-13). What is the greatest common divisor of v and 21?
21
Let p be ((-2884)/38)/(-1) + (-10)/(-95). Suppose -71*j - 390 = -p*j. Calculate the greatest common divisor of j and 3.
3
Suppose -f + 346 = -0*w + 5*w, -4*w + 292 = -3*f. Calculate the highest common factor of w and 581.
7
Let y be 6*5385/225 - 2/(-5). Calculate the highest common divisor of 225 and y.
9
Let i be 12 + -3 + -6 - 125. Let b = i + 160. Calculate the greatest common factor of b and 57.
19
Let v = 43 - 42. Let i = v - 1. Suppose 0*o + o - 312 = i. What is the greatest common factor of o and 39?
39
Suppose 375*w - 385*w = -366380. Calculate the greatest common divisor of w and 14.
14
Suppose -2*s = 5*g - 7*s - 25, -5*g + 2*s + 28 = 0. Suppose -g = 3*d, 5*j - 7*j = 2*d - 80. What is the greatest common factor of 294 and j?
42
Suppose 12*l - 13*l = 3*j - 498, 2*j = l - 523. What is the greatest common divisor of l and 950?
19
Let f(j) = -j**3 - 6*j**2 - j + 628. Let q be f(0). Let z = -558 + q. What is the greatest common factor of 14 and z?
14
Let g(t) = 2*t**3 - 3*t**2 + 3*t - 1. Let b be g(3). Suppose 3*c + 6*d + 15 + 0 = 0, 0 = -5*c + 2*d + b. What is the greatest common divisor of 23 and c?
1
Suppose 208054 + 65786 = 168*a. Calculate the highest common divisor of 50 and a.
10
Suppose -2*j - 3*a + 29 = 0, 3*a - 10 - 12 = -j. Suppose -3*p - c = -0*p - 26, 0 = -2*p + c + 9. Calculate the greatest common factor of j and p.
7
Suppose 75*s = 220*s - 1450. Calculate the greatest common factor of 895 and s.
5
Suppose 3*u = -0*k + 2*k - 197, -4*k + 3*u = -403. Suppose -x - 5*p + 55 = 0, -4*x = -2*p - 7 - k. What is the greatest common divisor of 80 and x?
10
Suppose -u = 2*v - 354, 4*u - 7 = -31. Calculate the greatest common factor of v and 17160.
60
Let s be ((-1105)/(-130))/((1/(-674))/(-1)). Calculate the greatest common factor of 119 and s.
17
Suppose -5*y - 724 = 581. Let m = 326 + y. What is the greatest common divisor of 39 and m?
13
Suppose 48*a - 20401 + 6325 = 14*a. Calculate the highest common factor of 72 and a.
18
Let f(r) = r - 21. Let v(b) = -b + 21. Let a(d) = -5*f(d) - 4*v(d). Let k be a(19). Let c be (-2 + 1)*(-44)/k. Calculate the highest common factor of 66 and c.
22
Let l(y) = -3 + 3 + 14*y + 8*y + 3*y**2. Let n be l(-10). Let b(x) = -2*x**2 + 29*x - 23. Let j be b(13). Calculate the highest common factor of j and n.
16
Suppose -9*l - 1020 = -3*l. Let f = 179 + l. Calculate the greatest common divisor of f and 171.
9
Suppose s + 5*w - 2653 = 0, s + 89*w - 87*w - 2656 = 0. Calculate the greatest common factor of s and 6.
6
Let w be (-50)/18 + 2/(-9) + -3. Let q(l) = -l**3 + 5*l**2 + 18*l - 3. Let z be q(w). Suppose -15 = v - 2*v. What is the greatest common factor of v and z?
15
Suppose -2*m = 129*r - 126*r - 9291, -5*r = -m - 15472. What is the greatest common divisor of 10 and r?
5
Let j be (-17)/4*-2*100. Suppose 5032 - 5192 = -16*k. Calculate the greatest common divisor of k and j.
10
Let n be 2/(7 + 6627/(-947)) + 0 - -7. Calculate the greatest common divisor of n and 36.
18
Let w(n) = -n**3 + 30*n**2 + 24*n + 247. Let s be w(31). Calculate the greatest common divisor of s and 1510.
10
Let w = -4035 - -5125. Calculate the greatest common divisor of w and 1853.
109
Let s = 505 + -326. Let o = s + -59. Suppose 6*i + 4*m - 52 = 4*i, 69 = 3*i - 3*m. Calculate the highest common divisor of o and i.
24
Suppose 0 = -4*q + j - 38, -3*j - 1 = -7. Let f be (15/q)/((-25)/180). What is the highest common divisor of f and 20?
4
Suppose -2*m + 1224 = 49*m. Calculate the highest common factor of m and 176.
8
Let q(x) = -x**3 - 22*x**2 - 27*x - 18. Let w be q(-21). Suppose 2*z + w = 2110. Suppose -z = -8*a + 287. Calculate the highest common factor of 23 and a.
23
Suppose -7*h + 2*h + 4*t = -289, -2*h = 3*t - 134. Calculate the greatest common divisor of 2867 and h.
61
Let g be 30/(-300) + 16328/80. Calculate the greatest common divisor of 833 and g.
17
Let h(b) = 18*b + 191. Let z be h(-10). Suppose 0*g + 3*p = -5*g + 21, 9 = -g - 5*p. Suppose 2*r + 44 = g*r. Calculate the greatest common divisor of z and r.
11
Let k = -361 + 362. Let u be k/1 + 3610/38. What is the highest common divisor of 80 and u?
16
Let t(l) = 8*l - 162. Let g be t(21). Suppose -g*v + 28*v = 2926. What is the greatest common divisor of 38 and v?
19
Suppose 0 = -2*n - 13*n + 375. Let h be n/100 + -2 + (-11)/(-4). Suppose 1 = -3*f + 7. What is the greatest common factor of f and h?
1
Let d(u) = -u**3 + 10*u**2 - 93*u + 551. Let t be d(7). Let y(r) = 5*r**2 - 8*r - 7. Let s be y(-9). What is the highest common factor of t and s?
47
Suppose 13*p = 15*p + 6. Let l be p/(-1) + 0/(-8) + 165. Calculate the highest common divisor of 56 and l.
56
Let v be 44 - 44 - 9*-103. What is the highest common divisor of 18 and v?
9
Let y = 10429 + -7744. Calculate the highest common divisor of y and 3.
3
Let l be 60/(-18)*(-1)/((-8)/(-1668)). Let q be l/8 - (-19)/152. What is the highest common factor of 609 and q?
87
Let a be (-8041)/(-344) + -23 + 1 + 18045/8. What is the greatest common divisor of 185 and a?
37
Let y = 58 - 52. Suppose -4*c = -c - y. Let r be 51/1 - (2/c)/1. Calculate the greatest common factor of 10 and r.
10
Suppose -694 = -3*k + 5*l, -11*l + 13*l = -5*k + 1198. Let w = k + -205. What is the greatest common divisor of w and 539?
11
Let f(p) = 36*p + 13. Let h be f(6). Let o = -68 + h. Suppose 81*j = 80*j + o. Calculate the greatest common divisor of j and 7.
7
Let l = -13443 + 13555. What is the greatest common factor of 504 and l?
56
Suppose 4*k = -h + 46, 2*h - 2*k - 52 - 10 = 0. Suppose a = -a - 138. Let g = 120 + a. What is the highest common divisor of g and h?
17
Let c be (-3*(-143)/(-39))/((-2)/2). What is the highest common factor of c and 9229?
11
Suppose 6*j = -185*o + 182*o + 150, 4*o - 83 = 5*j. Calculate the highest common divisor of 1760 and o.
32
Suppose 4055*i = 4063*i - 8088. What is the greatest common factor of i and 3?
3
Let o be ((-4)/3)/((-9)/243). Suppose 4*f + 42 = -52*k + 54*k, -k + o = -5*f. What is the highest common factor of 9 and k?
1
Suppose 4*t - 2*t - 10 = 0. Suppose 16*n = 475 + t. Calculate the highest common factor of 6 and n.
6
Suppose -5*l + 8*l - 9 = 0. Suppose -2*u + l = -1. Let r = 46 + -36. What is the highest common factor of u and r?
2
Suppose 15*r - 16*r = -302. L